2 - -1)*7/3. Let c be 12/42 + (-2)/v. Give j(c).
-2
Let g(r) be the third derivative of -r**8/20160 - r**7/720 - r**6/720 + r**5/30 - 3*r**2. Let i(j) be the third derivative of g(j). Calculate i(-6).
5
Let m(u) = -4 - u**2 + 27*u + 0 - 21*u - 15*u. Calculate m(-7).
10
Suppose -4*p - 1 = -9. Let w(y) = -3*y**2 + 2*y - 2. What is w(p)?
-10
Let x(m) = -4*m**2 + 7*m - 2. Let v(f) = 5*f**2 + 4 + f**2 - 15*f + 3*f**2. Let n(c) = -3*v(c) - 7*x(c). Determine n(4).
2
Let b(j) = 3*j. Let x(g) = -6*g. Let f(w) = -11*b(w) - 6*x(w). Give f(2).
6
Suppose 13 = -2*n + o, 0*o - 4*o = -2*n - 22. Let r(h) = -h**3 - 5*h**2 + h + 1. Give r(n).
-4
Let z(d) be the first derivative of d**5/120 + d**4/12 + d**3 + 5. Let k(m) be the third derivative of z(m). Calculate k(-2).
0
Let u(p) be the third derivative of -p**8/20160 - p**7/1680 - p**6/180 - p**5/20 - 3*p**2. Let b(m) be the third derivative of u(m). Calculate b(-3).
-4
Let j(g) = 1. Let y(t) = -t + 2. Let a(v) = -3*j(v) + y(v). Determine a(-7).
6
Let v(i) be the second derivative of i**5/20 - i**4/3 - i**2 - 4*i. Let d = -1 - -5. Determine v(d).
-2
Let r be 3*-2*(-4)/6. Suppose -r*i - 14 - 2 = 0. Let a(g) = g - 3. What is a(i)?
-7
Let i(j) = -9*j - 1. Let d be i(-1). Suppose -2*f + 4 = d. Let k(s) be the second derivative of s**5/20 + s**4/4 - s**2/2 - s. What is k(f)?
3
Let a(k) be the first derivative of -k**5/20 + k**4/2 - k**3 - 2*k - 2. Let r(s) be the first derivative of a(s). Determine r(5).
-5
Let l be 1/(4 - (-35)/(-10)). Let y(d) = 2*d**3 - 2*d**2 + 3*d - 3. What is y(l)?
11
Let z(c) = -c - 10. Suppose 0*a + 2*a = -4*w - 14, 0 = 3*w + 3. Calculate z(a).
-5
Let v be ((-20)/(-6))/(4/6). Suppose 4 = g + v. Let i(j) = 11*j**2 - j - 1. What is i(g)?
11
Suppose 2*x = 6*x. Let q(a) = -4*a + x*a + 2*a. What is q(-2)?
4
Let m(f) = -f - 1. Suppose -3*g = -3*r - 2*r + 13, -g + 4*r - 16 = 0. What is m(g)?
-5
Let s(i) = i**3 + i**2 - i - 4. Suppose 0 = -5*w + w. What is s(w)?
-4
Let x(z) = 1. Let j(m) be the third derivative of -m**6/120 + m**5/12 - m**4/12 - 7*m**3/6 - 3*m**2. Let u(b) = -j(b) - 3*x(b). Calculate u(4).
-4
Let v(k) = 4*k**2 + 4*k - 1. Let o(z) = -8*z**2 - 7*z + 2. Let x(f) = 3*o(f) + 5*v(f). Determine x(-2).
-13
Let s(q) = q**2 - q. Let o be (-42)/7*(-2)/6. Suppose o*g = -2 - 0. Determine s(g).
2
Let k(h) = h**2 - 4*h + 1. Let q be k(5). Suppose -q + 3 = -3*n. Let i(l) = -3*l - l - n - l. What is i(1)?
-6
Let g(r) = 5*r. Suppose 4*p = -p - 45. Let a be 6/p*6/(-2). Suppose b = 1 - a. Determine g(b).
-5
Let d = 0 + 3. Let n(h) = 7 + 0*h**2 - d*h - 1 - h**2. Suppose -3*b + 2*b - 5 = 0. Give n(b).
-4
Suppose 4*g - g - 3 = 0. Suppose -g + 3 = h. Suppose 1 = -4*v - 4*o - 3, -4*v - 2 = h*o. Let b(r) = r - 3. What is b(v)?
-3
Let i(w) = w + 6. Let q(k) = k**2 + 5*k - 5. Let p be (-1*3*1)/(-1). Suppose 0 = -p*a - 2*t - 0*t - 19, 3*t = -6. Let b be q(a). What is i(b)?
1
Let c(m) = 2*m**3 + m**2 + 4*m - 3. Let w(l) = -l**3 + l**2 + 1. Let f(v) = c(v) + 3*w(v). Let s be (-2 + 0 + 1)*-5. Give f(s).
-5
Let d(q) = -q**2 + 3*q - 1. Let y(h) = -4*h**2 + 10*h - 4. Let b(s) = 7*d(s) - 2*y(s). Let a(c) = -2*c + 16. Let m be a(8). What is b(m)?
1
Let c(q) = -q**3 - q**2 - q + 1. Let g(z) = 4*z**2 - 28*z + 33. Let f(x) = x**2 - 7*x + 8. Let n(b) = -9*f(b) + 2*g(b). Let h be n(6). Give c(h).
1
Let z be (-6)/(-14) + (-546)/(-98). Let s(m) = 3*m - 5. Let y(x) = -2*x + 4. Let p(n) = 5*s(n) + 6*y(n). What is p(z)?
17
Let x(t) = -t + 6. Let o = -4 + 6. Let h = o + -2. Give x(h).
6
Suppose 5*m - 4*m = -2*m. Let w(x) = -x**2. Determine w(m).
0
Let l(k) be the first derivative of -k**4/4 + k**3 - k**2/2 + 2*k + 14. Let i be 1/(-1*2/(-4)). What is l(i)?
4
Let y(b) = b**3 + 16*b**2 + 2*b + 22. Let f be y(-16). Let u(i) = i**2 + 7*i - 7. Determine u(f).
23
Let m(y) = -3*y**2 + y + 2. Let l = 10 + -1. Let o(g) = 13*g**2 - 3*g - 7. Let i(h) = l*m(h) + 2*o(h). Determine i(4).
0
Let d(c) be the second derivative of -c**5/20 + 5*c**4/12 - 2*c**3/3 + c**2/2 + 3*c. Calculate d(4).
1
Suppose f - c - 7 = 0, -4*f + 3*c = -0*c - 23. Suppose f*w - 2 = 6. Let b(n) = -2*n + 2. Determine b(w).
-6
Let f = 13 + -5. Let m be f/2*(-1)/4. Let q(x) = -4*x + 1. Calculate q(m).
5
Let j(m) = 23 - 13 - 9 + 4*m + 6*m. Calculate j(1).
11
Let m = -219 + 218. Let r(x) be the second derivative of -x**4/12 - x. What is r(m)?
-1
Let o(l) = 3*l**2 + 3 + l - 2 - 2*l**2 + l. Let m(j) = -2*j + 2. Let h be m(2). What is o(h)?
1
Suppose 0 = -5*m - 4*c - 25 + 5, 0 = m + 4*c + 4. Let k(t) = -t**3 - 1. Let w(i) = 2*i**3 - i**2 + 3. Let o(a) = -9*k(a) - 4*w(a). Give o(m).
-3
Let j(b) = b - 10. Let y = -16 - -24. What is j(y)?
-2
Let j(x) = x**2 + x - 1. Let s be (-4)/(-3)*3 - 1. Suppose -s*g - 4 = -5*g. What is j(g)?
5
Let f(a) = -11 + 2 - a**2 + 5 + 5 - a. Determine f(2).
-5
Let o(q) = q**2 + 3*q - 4. Let p be o(-4). Let n be (-2 - -1 - p)*-2. Suppose 0 = -4*g - 2 - n. Let b(x) = -3*x + 1. Calculate b(g).
4
Let j be -3*(-2)/27 - 80/36. Let g(n) = n + 4. Give g(j).
2
Let k(a) = -a**2 + 6*a - 6. Let v(f) = -2*f**2 - 7*f + 8. Let h be v(-4). Determine k(h).
2
Let u(d) = 5*d - 3*d + 3 - 3*d. Let c(p) = -2*p. Let s be c(-1). Suppose 7*g = s*g + 15. What is u(g)?
0
Let d(h) = -2 - 5*h + 2*h + 1 - 5. Let c(u) = -u**3 + 3*u**2 + 2*u + 4. Let l be c(4). Calculate d(l).
6
Let t(g) = g + 14. Let a be t(0). Let k be (-4)/a + (-30)/(-7). Let r(v) be the first derivative of -3*v**2/2 + 5*v - 1. Determine r(k).
-7
Let t(d) = -d + 2. Let b(m) = -4*m + 1. Let c be b(-1). Determine t(c).
-3
Let l(m) = -m**2 + 7*m + 4. Suppose 0 = -n + 3*n - 16. Determine l(n).
-4
Let p(w) be the second derivative of 2*w**3/3 + 3*w**2/2 + 7*w. What is p(-3)?
-9
Suppose w = -2*w. Suppose w = 3*b + 7 - 25. Let a(k) = -k**2 + 8*k - 8. What is a(b)?
4
Suppose -3*o + 3 = -9. Let t(b) = o + b + b + 0*b. Calculate t(-3).
-2
Let z(j) = -4*j**3. Let b be z(-1). Let x(y) = -y + 7. Give x(b).
3
Suppose -p = -i + 2, p - 4 + 6 = 3*i. Let g(v) = 2*v**2 + v + 5 - 3*v**2 + 2*v**2. Calculate g(i).
5
Let v(f) = -16*f. Let x(p) = 3*p. Let r(a) = -6*v(a) - 33*x(a). What is r(3)?
-9
Let l(a) = -a**2 - 11*a - 5. Let o be l(-10). Suppose -2*v + k + 0*k = -9, -o*v + k + 21 = 0. Let y(z) = z**2 - 7*z + 2. Calculate y(v).
-10
Let v(c) = -c**3 + 4*c**2 + 2*c - 5. Let y be v(4). Suppose -3*f + 2*f + 4 = 0. Let k(i) = 3 - 1 + f - i. Calculate k(y).
3
Suppose -3*v - 28 = -13. Let x(z) = -z - 7. Calculate x(v).
-2
Let u(h) be the third derivative of -3*h**2 - 1/60*h**5 + 1/12*h**4 + 0*h + 1/2*h**3 + 0. Calculate u(-3).
-12
Let g(c) = -c**3 + 8*c**2 + 8*c + 11. Let r be g(9). Let v(s) = -2*s**r - 2 + s**3 + 3 + 13*s - 19*s. Give v(4).
9
Let u(l) = 31*l - 5 - 32*l + 2. Give u(-2).
-1
Let s = 1429/12 + -119. Let i(h) be the second derivative of 0 + h + 1/6*h**3 + s*h**4 - 2*h**2. Determine i(3).
8
Let w = -36 + 36. Let i(k) be the second derivative of w + 1/12*k**4 - 3*k**2 - 2*k - 1/6*k**3. What is i(0)?
-6
Let w(l) be the first derivative of l**4/4 - l**3/3 - 3*l**2/2 - 2*l - 1. Let i be 4 + (2/2)/(-9 - -8). Give w(i).
7
Let u(i) be the first derivative of i**5/20 - i**4/4 - 2*i**3/3 - 5*i**2/2 - 3*i + 3. Let f(p) be the first derivative of u(p). Suppose q = -1 + 5. Give f(q).
-5
Let r(a) = -a**2 - 18*a - 1. Let l be r(-18). Let o(s) = -10*s**3 - s**2 - s - 1. What is o(l)?
9
Let t(b) = -b**2 - 4*b - 1. Let l be 9 + (0 - (-2)/2). Suppose 5*d - 3*k - 42 = 0, 3*d = -0*d - 2*k + l. Let x be (-1)/(-3) - 20/d. Give t(x).
2
Let x(h) = -h**3 + 12*h**2 + h - 7. Let z be (12/(-10))/(2/(-10)). Let l(m) = m**2 + m - 1. Let s(k) = z*l(k) - x(k). What is s(5)?
1
Let l(i) be the first derivative of -2*i**3/3 + 3*i**2/2 - i - 3. Let o(r) be the first derivative of l(r). Give o(3).
-9
Let y(v) = -4*v - 4. Let a(p) = 5*p + 3. Let w(j) = -5*a(j) - 6*y(j). Determine w(0).
9
Let n be (2/6)/((-2)/(-18)). Let w(r) = r - 1. What is w(n)?
2
Let i(g) = -g**3 + 5*g**2 - 2*g + 2. Let w(s) = 2*s**3 - 2*s**2 - 2*s + 1. Suppose 0 = -0*o - o + 2. Let v be w(o). Give i(v).
-8
Let h(r) = -r - 9. Suppose 0 = -4*a - l - 22, 2*a - 4*l - 28 = 6*a. What is h(a)?
-4
Let w(q) = q**3 - 4*q**2 - 11*q - 18. Let f be w(6). Let v(n) = n**3 + 13*n**2 + 11*n - 6. What is v(f)?
6
Let i be 60/(-14) - 6/(-21). Let n = i - -2. Let m(q) = q**3 - q**2 - 2*q - 1. Determine m(n).
-9
Su